 28.
26
What is the remainder when 207860094 is divided by 1451?
1442
What is the remainder when 187853 is divided by 1762?
1081
Calculate the remainder when 48602 is divided by 97.
5
What is the remainder when 169790 is divided by 55677?
2759
What is the remainder when 3591739 is divided by 97074?
1
Calculate the remainder when 436468 is divided by 3869.
3140
Calculate the remainder when 79710454 is divided by 84.
82
What is the remainder when 615192 is divided by 5492?
88
Calculate the remainder when 584438 is divided by 588.
554
Calculate the remainder when 1212506 is divided by 160.
26
What is the remainder when 222050422 is divided by 5?
2
Calculate the remainder when 1546974 is divided by 12999.
93
What is the remainder when 804761 is divided by 16095?
11
Calculate the remainder when 1624232 is divided by 203021.
64
Calculate the remainder when 973885 is divided by 1023.
1012
What is the remainder when 2517145 is divided by 35?
15
Calculate the remainder when 42843 is divided by 329.
73
Calculate the remainder when 238274 is divided by 5922.
1394
What is the remainder when 4477744 is divided by 245?
124
What is the remainder when 8743156 is divided by 46?
28
What is the remainder when 2594072 is divided by 12716?
8
Calculate the remainder when 287 is divided by 205.
82
Calculate the remainder when 16940168 is divided by 27.
17
Calculate the remainder when 865130 is divided by 13.
6
What is the remainder when 1880412 is divided by 268602?
198
Calculate the remainder when 4582704 is divided by 4569.
4566
What is the remainder when 6659534 is divided by 40856?
6
What is the remainder when 660925 is divided by 3534?
67
Calculate the remainder when 1397650 is divided by 7765.
7715
What is the remainder when 31520549 is divided by 641?
15
What is the remainder when 4279032 is divided by 232?
24
Calculate the remainder when 2857814 is divided by 7235.
7224
What is the remainder when 70709 is divided by 1901?
372
What is the remainder when 326885 is divided by 394?
259
What is the remainder when 3286675 is divided by 368?
67
Calculate the remainder when 39207265 is divided by 3273.
3271
Calculate the remainder when 13060724 is divided by 1552.
644
What is the remainder when 5308340 is divided by 422?
2
Calculate the remainder when 7150 is divided by 61.
13
What is the remainder when 236973 is divided by 13937?
44
Calculate the remainder when 27041734 is divided by 1630.
34
What is the remainder when 46640734 is divided by 197?
196
What is the remainder when 583115 is divided by 583068?
47
What is the remainder when 5261933 is divided by 79726?
17
Calculate the remainder when 369340 is divided by 5145.
4045
What is the remainder when 93545589 is divided by 173?
164
Calculate the remainder when 3368313 is divided by 35833.
11
What is the remainder when 1895708 is divided by 81?
65
Calculate the remainder when 19193 is divided by 3227.
3058
What is the remainder when 400765 is divided by 100061?
521
Calculate the remainder when 8015338 is divided by 129279.
40
Calculate the remainder when 136526 is divided by 19497.
47
Calculate the remainder when 28509 is divided by 95.
9
Calculate the remainder when 158336773 is divided by 332.
329
Calculate the remainder when 234310744 is divided by 50.
44
What is the remainder when 39913183 is divided by 1039?
1037
What is the remainder when 592924599 is divided by 786?
783
Calculate the remainder when 1970484 is divided by 153.
150
Calculate the remainder when 392271 is divided by 280.
271
Calculate the remainder when 125876 is divided by 1284.
44
Calculate the remainder when 91895 is divided by 30288.
1031
What is the remainder when 2587474 is divided by 5854?
6
Calculate the remainder when 1264921 is divided by 407.
372
Calculate the remainder when 46654568 is divided by 333.
269
What is the remainder when 2921665 is divided by 243465?
85
Calculate the remainder when 166032816 is divided by 9766636.
4
Calculate the remainder when 7709181 is divided by 481823.
13
Calculate the remainder when 317203 is divided by 1007.
1005
Calculate the remainder when 173603 is divided by 10204.
135
What is the remainder when 547871 is divided by 5318?
117
Calculate the remainder when 20447 is divided by 19932.
515
Calculate the remainder when 2737747 is divided by 11129.
13
What is the remainder when 586479 is divided by 1845?
1614
What is the remainder when 2669773 is divided by 2172?
385
Calculate the remainder when 23075 is divided by 3379.
2801
What is the remainder when 14032454 is divided by 14?
2
What is the remainder when 6823495 is divided by 14305?
10
What is the remainder when 51147 is divided by 4190?
867
What is the remainder when 7297156 is divided by 405397?
10
Calculate the remainder when 202456 is divided by 67474.
34
What is the remainder when 290093 is divided by 263?
4
What is the remainder when 18229463 is divided by 59?
56
What is the remainder when 7480875 is divided by 11?
6
What is the remainder when 265260166 is divided by 7169?
7166
What is the remainder when 587872 is divided by 2601?
46
Calculate the remainder when 4279027 is divided by 108.
67
What is the remainder when 15792164 is divided by 1403?
1399
What is the remainder when 235706732 is divided by 55?
52
Calculate the remainder when 597799 is divided by 4900.
4899
Calculate the remainder when 9943 is divided by 4573.
797
What is the remainder when 6309541 is divided by 102?
25
Calculate the remainder when 299077 is divided by 3833.
103
What is the remainder when 126224 is divided by 161?
0
Calculate the remainder when 83704587 is divided by 16740916.
7
What is the remainder when 4973838 is divided by 343?
338
Calculate the remainder when 590996 is divided by 590840.
156
Calculate the remainder when 7140179 is divided by 13371.
65
What is the remainder when 644481 is divided by 4608?
3969
Calculate the remainder when 522145 is divided by 2270.
45
Calculate the remainder when 39146256 is divided by 978656.
16
What is the remainder when 2548525 is divided by 57921?
1
What is the remainder when 200969 is divided by 2029?
98
What is the remainder when 66709 is divided by 628?
141
Calculate the remainder when 1562790 is divided by 475.
40
Calculate the remainder when 1580477 is divided by 182.
171
Calculate the remainder when 12224757 is divided by 789.
780
Calculate the remainder when 6772508 is divided by 57394.
16
Calculate the remainder when 13322 is divided by 3125.
822
What is the remainder when 14755 is divided by 3249?
1759
What is the remainder when 2398004 is divided by 1055?
1044
Calculate the remainder when 1552224 is divided by 517390.
54
What is the remainder when 459249685 is divided by 1410?
1405
Calculate the remainder when 1382150 is divided by 154.
0
What is the remainder when 69174 is divided by 1674?
540
Calculate the remainder when 45407331 is divided by 11.
2
What is the remainder when 18386665 is divided by 127?
113
What is the remainder when 60964981 is divided by 467?
466
Calculate the remainder when 17111332 is divided by 3711.
3622
What is the remainder when 44522510 is divided by 1651?
1644
What is the remainder when 404504 is divided by 82?
80
Calculate the remainder when 1193758 is divided by 52.
46
Calculate the remainder when 22656 is divided by 1456.
816
What is the remainder when 7285192 is divided by 50?
42
Calculate the remainder when 1527567 is divided by 19584.
15
Calculate the remainder when 48399 is divided by 5376.
15
Calculate the remainder when 1688800 is divided by 1240.
1160
Calculate the remainder when 53744686 is divided by 10.
6
What is the remainder when 12246781 is divided by 1671?
22
What is the remainder when 4718098 is divided by 294881?
2
Calculate the remainder when 55031850 is divided by 1519.
1518
What is the remainder when 1731766 is divided by 147?
106
What is the remainder when 103280 is divided by 8603?
44
What is the remainder when 2862036 is divided by 608?
180
What is the remainder when 3037988 is divided by 1974?
2
Calculate the remainder when 59566653 is divided by 4254760.
13
Calculate the remainder when 1477839 is divided by 5728.
15
Calculate the remainder when 524000 is divided by 36318.
15548
Calculate the remainder when 29287 is divided by 13057.
3173
What is the remai